d by 2165.
2151
Calculate the remainder when 8423638 is divided by 12.
10
Calculate the remainder when 306265 is divided by 771.
178
Calculate the remainder when 273990 is divided by 67991.
2026
Calculate the remainder when 150297 is divided by 37109.
1861
What is the remainder when 846365 is divided by 119?
37
Calculate the remainder when 24452414 is divided by 61.
15
What is the remainder when 1025389 is divided by 42683?
997
Calculate the remainder when 27214 is divided by 2725.
2689
What is the remainder when 1848219 is divided by 924100?
19
Calculate the remainder when 55264 is divided by 27314.
636
Calculate the remainder when 96699395 is divided by 6398.
23
What is the remainder when 2874456 is divided by 2874376?
80
What is the remainder when 2686343 is divided by 10873?
712
Calculate the remainder when 2991353 is divided by 256.
249
What is the remainder when 870062 is divided by 89?
87
Calculate the remainder when 1054959 is divided by 1838.
1785
Calculate the remainder when 2660492 is divided by 53.
51
What is the remainder when 348480 is divided by 14430?
2160
Calculate the remainder when 4038476 is divided by 31306.
2
Calculate the remainder when 8415 is divided by 8396.
19
Calculate the remainder when 3204629 is divided by 7741.
7596
What is the remainder when 1096997 is divided by 117?
5
What is the remainder when 32782 is divided by 4657?
183
Calculate the remainder when 302777 is divided by 726.
35
Calculate the remainder when 154091 is divided by 153579.
512
Calculate the remainder when 2755479 is divided by 918490.
9
Calculate the remainder when 282492 is divided by 1054.
20
Calculate the remainder when 144947 is divided by 144677.
270
Calculate the remainder when 634704 is divided by 8694.
42
Calculate the remainder when 821132 is divided by 23460.
32
What is the remainder when 39324008 is divided by 182?
178
What is the remainder when 98002 is divided by 6965?
492
What is the remainder when 693375 is divided by 346668?
39
Calculate the remainder when 16250403 is divided by 855283.
26
Calculate the remainder when 21685273 is divided by 21685240.
33
Calculate the remainder when 10186523 is divided by 65.
48
What is the remainder when 3044980 is divided by 11848?
44
Calculate the remainder when 83243 is divided by 27424.
971
What is the remainder when 307259385 is divided by 36?
33
Calculate the remainder when 1596616 is divided by 899.
891
What is the remainder when 69689129 is divided by 1424?
1417
What is the remainder when 70745 is divided by 207?
158
Calculate the remainder when 508782 is divided by 127078.
470
Calculate the remainder when 714542 is divided by 2133.
2120
What is the remainder when 2432575 is divided by 36857?
13
Calculate the remainder when 9660520 is divided by 1932094.
50
What is the remainder when 254922 is divided by 11240?
7642
What is the remainder when 546 is divided by 229?
88
What is the remainder when 440543 is divided by 8637?
56
Calculate the remainder when 3119282 is divided by 906.
830
Calculate the remainder when 724710 is divided by 4086.
1488
What is the remainder when 23616519 is divided by 224?
199
Calculate the remainder when 33164 is divided by 8172.
476
Calculate the remainder when 701348 is divided by 306.
302
What is the remainder when 417017 is divided by 117?
29
Calculate the remainder when 29696 is divided by 4414.
3212
What is the remainder when 117036 is divided by 23404?
16
What is the remainder when 240924 is divided by 48184?
4
Calculate the remainder when 97699 is divided by 739.
151
Calculate the remainder when 16846816 is divided by 5615605.
1
Calculate the remainder when 6154797 is divided by 16369.
53
What is the remainder when 32323869 is divided by 8868?
9
What is the remainder when 1702551 is divided by 567490?
81
Calculate the remainder when 8310441 is divided by 4932.
21
What is the remainder when 86095 is divided by 45?
10
Calculate the remainder when 81473 is divided by 20319.
197
What is the remainder when 716885 is divided by 42145?
420
Calculate the remainder when 2119491 is divided by 24637.
709
Calculate the remainder when 157214 is divided by 78544.
126
What is the remainder when 530910 is divided by 517?
468
What is the remainder when 56482599 is divided by 7060323?
15
Calculate the remainder when 111468 is divided by 55681.
106
Calculate the remainder when 670257 is divided by 327.
234
What is the remainder when 65889053 is divided by 1507?
1506
Calculate the remainder when 745695838 is divided by 1605.
1603
What is the remainder when 753208 is divided by 2391?
43
What is the remainder when 1035441 is divided by 14381?
9
What is the remainder when 14727577 is divided by 59?
56
What is the remainder when 58606 is divided by 12?
10
What is the remainder when 10633223 is divided by 2732?
279
What is the remainder when 12640767 is divided by 128?
127
Calculate the remainder when 398683 is divided by 6549.
5743
What is the remainder when 86488 is divided by 7857?
61
What is the remainder when 910178 is divided by 323?
287
Calculate the remainder when 219109 is divided by 109229.
651
What is the remainder when 921616 is divided by 3315?
46
What is the remainder when 221346 is divided by 2110?
1906
Calculate the remainder when 61772802 is divided by 1387.
1370
What is the remainder when 342735778 is divided by 226?
224
What is the remainder when 1751707030 is divided by 498?
496
Calculate the remainder when 8469491 is divided by 1531.
1530
What is the remainder when 1884341 is divided by 48316?
17
Calculate the remainder when 288114 is divided by 4574.
4526
What is the remainder when 113508826 is divided by 281?
0
What is the remainder when 300885 is divided by 23145?
0
What is the remainder when 2739397 is divided by 68484?
37
Calculate the remainder when 2814635 is divided by 4895.
10
What is the remainder when 519139 is divided by 5?
4
What is the remainder when 476134 is divided by 8183?
1520
Calculate the remainder when 2106492 is divided by 8636.
7944
What is the remainder when 202694 is divided by 16718?
2078
Calculate the remainder when 2167 is divided by 568.
463
What is the remainder when 151279 is divided by 150881?
398
What is the remainder when 130026 is divided by 2205?
2136
What is the remainder when 80622 is divided by 26852?
66
What is the remainder when 86389 is divided by 86384?
5
Calculate the remainder when 11197825 is divided by 3732515.
280
Calculate the remainder when 1571591 is divided by 3508.
7
Calculate the remainder when 30314931 is divided by 57.
51
What is the remainder when 69453 is divided by 2463?
489
What is the remainder when 215585 is divided by 3992?
17
What is the remainder when 167629 is divided by 11078?
1459
What is the remainder when 11363820 is divided by 1289?
1285
What is the remainder when 18210053 is divided by 142266?
5
What is the remainder when 185946 is divided by 393?
57
Calculate the remainder when 434440 is divided by 144399.
1243
Calculate the remainder when 1015152 is divided by 456.
96
What is the remainder when 51655917 is divided by 17218634?
15
Calculate the remainder when 366276 is divided by 11812.
104
What is the remainder when 193621 is divided by 55?
21
What is the remainder when 118384278 is divided by 2198?
2196
What is the remainder when 23430973 is divided by 46?
45
Calculate the remainder when 52410855 is divided by 90053.
9
What is the remainder when 701086 is divided by 1168?
286
Calculate the remainder when 111758 is divided by 170.
68
What is the remainder when 1027423 is divided by 230?
13
What is the remainder when 71501 is divided by 1739?
202
What is the remainder when 31439873 is divided by 3321?
3287
Calculate the remainder when 2779951 is divided by 318.
313
Calculate the remainder when 1783343 is divided by 98.
37
What is the remainder when 92284 is divided by 86?
6
Calculate the remainder when 244571 is divided by 396.
239
Calculate the remainder when 141442 is divided by 3294.
3094
Calculate the remainder when 29173 is divided by 9666.
175
Calculate the remainder when 5159723 is divided by 1461.
932
Calculate the remainder when 153843 is divided by 538.
513
Calculate the remainder when 62995923 is divided by 4845840.
3
Calculate the remainder when 86571 is divided by 1131